ime factors of 881961906?
2, 3, 7, 41, 43, 277
List the prime factors of 571146194.
2, 19, 211, 71233
List the prime factors of 8930137415.
5, 653, 1571, 1741
What are the prime factors of 27394178?
2, 7, 433, 4519
What are the prime factors of 4120780?
2, 5, 206039
List the prime factors of 303720490.
2, 5, 2777, 10937
What are the prime factors of 50144549?
7, 13, 551039
What are the prime factors of 857079769?
7, 13, 17, 79, 7013
What are the prime factors of 59569692?
2, 3, 7, 13, 7793
What are the prime factors of 174495153?
3, 7, 8309293
List the prime factors of 599761375.
5, 4798091
List the prime factors of 599870604.
2, 3, 49989217
What are the prime factors of 111067056?
2, 3, 771299
List the prime factors of 113605387.
7, 1777, 9133
List the prime factors of 28461332.
2, 17, 67, 6247
What are the prime factors of 973380515?
5, 194676103
List the prime factors of 107521334.
2, 37, 1452991
List the prime factors of 58280154.
2, 3, 9713359
What are the prime factors of 612364234?
2, 79, 1657, 2339
What are the prime factors of 4011932?
2, 17, 41, 1439
What are the prime factors of 42159032?
2, 5269879
What are the prime factors of 313311249?
3, 53, 701, 937
List the prime factors of 174763575.
3, 5, 7, 12329
List the prime factors of 240969125.
5, 1927753
List the prime factors of 1177209070.
2, 5, 139, 846913
What are the prime factors of 2772187144?
2, 17, 2087, 9767
What are the prime factors of 37685740?
2, 5, 19, 99173
List the prime factors of 1991651436.
2, 3, 59, 312563
What are the prime factors of 15025276?
2, 7, 19, 61, 463
What are the prime factors of 14872588?
2, 3718147
What are the prime factors of 27262479?
3, 9087493
What are the prime factors of 567064302?
2, 3, 7, 13501531
What are the prime factors of 327240189?
3, 1277, 9491
What are the prime factors of 1646970611?
11, 13, 347, 33191
List the prime factors of 99321685.
5, 401, 49537
List the prime factors of 88118021.
17, 593, 8741
What are the prime factors of 55257313?
211, 257, 1019
List the prime factors of 276473475.
3, 5, 719, 1709
What are the prime factors of 175459155?
3, 5, 11697277
What are the prime factors of 699691556?
2, 23, 823, 9241
What are the prime factors of 245807037?
3, 7, 1301, 2999
What are the prime factors of 927017338?
2, 13, 859, 41507
List the prime factors of 610582229.
610582229
What are the prime factors of 50654498?
2, 25327249
What are the prime factors of 76506712?
2, 107, 139, 643
List the prime factors of 405860484.
2, 3, 23, 191, 7699
What are the prime factors of 15321645?
3, 5, 340481
List the prime factors of 13821149.
47, 294067
What are the prime factors of 1164351630?
2, 3, 5, 13, 31, 193, 499
List the prime factors of 1281755007.
3, 13, 10955171
List the prime factors of 131423710.
2, 5, 11, 239, 4999
What are the prime factors of 227609051?
227609051
List the prime factors of 88573688.
2, 7, 1581673
List the prime factors of 5173307648.
2, 71, 284623
What are the prime factors of 586316729?
223, 2629223
List the prime factors of 8439160283.
29, 3079, 94513
What are the prime factors of 560359839?
3, 13, 2539, 5659
List the prime factors of 126552586.
2, 63276293
List the prime factors of 561456328.
2, 8219, 8539
List the prime factors of 56684285.
5, 7, 1619551
What are the prime factors of 509996586?
2, 3, 11, 7727221
What are the prime factors of 162116558?
2, 23, 3524273
List the prime factors of 257399537.
283, 909539
List the prime factors of 29478167.
491, 60037
List the prime factors of 373988.
2, 93497
List the prime factors of 71751711.
3, 89, 268733
List the prime factors of 621294043.
103, 647, 9323
List the prime factors of 558255811.
367, 1521133
List the prime factors of 38648312.
2, 4831039
What are the prime factors of 291452182?
2, 7, 17, 23, 37, 1439
What are the prime factors of 5711405632?
2, 23, 168697
List the prime factors of 608919794.
2, 7, 31, 367, 3823
What are the prime factors of 1180403186?
2, 67, 1619, 5441
List the prime factors of 1267803812.
2, 11, 28813723
List the prime factors of 101409597.
3, 47, 157, 509
What are the prime factors of 28379040?
2, 3, 5, 59123
List the prime factors of 94781335.
5, 11, 193, 8929
What are the prime factors of 43546266?
2, 3, 2419237
List the prime factors of 2690695381.
11, 244608671
What are the prime factors of 925139520?
2, 3, 5, 139, 2311
What are the prime factors of 1538308665?
3, 5, 17, 223429
List the prime factors of 87104099.
107, 281, 2897
List the prime factors of 742455.
3, 5, 7, 2357
What are the prime factors of 114241520?
2, 5, 389, 3671
List the prime factors of 38723255.
5, 7744651
What are the prime factors of 1688771297?
23, 29, 2531891
List the prime factors of 361771198.
2, 677, 267187
What are the prime factors of 323984011?
13, 17, 1465991
What are the prime factors of 24373873?
887, 27479
What are the prime factors of 6427105758?
2, 3, 9343, 12739
What are the prime factors of 26247722?
2, 13123861
What are the prime factors of 49790038?
2, 157, 158567
List the prime factors of 3630273672.
2, 3, 151261403
List the prime factors of 100383324.
2, 3, 113, 181, 409
List the prime factors of 156114081.
3, 881, 6563
List the prime factors of 1028654441.
83, 12393427
What are the prime factors of 350499661?
350499661
List the prime factors of 2844209.
463, 6143
List the prime factors of 3066714.
2, 3, 7, 19, 61
What are the prime factors of 70147860?
2, 3, 5, 1169131
What are the prime factors of 39026389?
39026389
What are the prime factors of 43887573?
3, 4876397
What are the prime factors of 122651387?
23, 5332669
What are the prime factors of 103510770?
2, 3, 5, 11, 313669
List the prime factors of 1772323994.
2, 7, 126594571
What are the prime factors of 7957716?
2, 3, 13, 29, 1759
List the prime factors of 406975.
5, 73, 223
List the prime factors of 274435116.
2, 3, 43, 97, 5483
List the prime factors of 250658577.
3, 13, 23, 61, 509
List the prime factors of 591723341.
11, 53793031
What are the prime factors of 194129130?
2, 3, 5, 13, 31, 16057
List the prime factors of 819396704.
2, 7, 3658021
List the prime factors of 3752507847.
3, 11, 19, 37, 161753
What are the prime factors of 470351878?
2, 19, 113, 109537
List the prime factors of 1207384799.
1207384799
List the prime factors of 82491122.
2, 7, 19, 310117
List the prime factors of 35653438.
2, 17826719
What are the prime factors of 701674588?
2, 739, 237373
What are the prime factors of 2056291374?
2, 3, 167, 2052187
List the prime factors of 170229434.
2, 85114717
What are the prime factors of 1212616174?
2, 7, 11, 7874131
List the prime factors of 1395536998.
2, 101, 6908599
List the prime factors of 832848972.
2, 3, 17, 601, 6793
List the prime factors of 240886997.
13, 19, 51329
What are the prime factors of 135541207?
31, 61, 229, 313
List the prime factors of 4078720160.
2, 5, 37, 47, 107, 137
What are the prime factors of 507721713?
3, 169240571
List the prime factors of 36240519.
3, 7, 31, 179, 311
What are the prime factors of 31721197?
199, 159403
List the prime factors of 87560970.
2, 3, 5, 7, 416957
List the prime factors of 12168576.
2, 3, 7, 503
List the prime factors of 89098561.
89098561
What are the prime factors of 23639179?
2161, 10939
What are the prime factors of 128895679?
11, 37, 316697
What are the prime factors of 41473678?
2, 2203, 9413
List the prime factors of 310944673.
13, 149, 229, 701
List the prime factors of 19189246.
2, 1061, 9043
What are the prime factors of 161563129?
7, 13, 1775419
What are the prime factors of 2185583356?
2, 11, 367, 135347
What are the prime factors of 37421092?
2, 23, 31, 13121
List the prime factors of 260334636.
2, 3, 4253, 5101
What are the prime factors of 1423560936?
2, 3, 7, 547, 2213
What are the prime factors of 571440245?
5, 114288049
List the prime factors of 189772596.
2, 3, 13, 405497
What are the prime factors of 134385595?
5, 17, 1581007
List the prime factors of 1464651168.
2, 3, 331, 46093
What are the prime factors of 2846229033?
3, 37, 693019
What are the prime factors of 423959643?
3, 15702209
List the prime factors of 23352115.
5, 4670423
List the prime factors of 411053007.
3, 199, 688531
What are the prime factors of 862080946?
2, 431040473
What are the prime factors of 337054514?